 number?
True
Let v(o) = 17*o - 9. Let p be v(9). Is 2/(-9) - (-175280)/p a composite number?
False
Let u(s) = 114*s. Let t be u(-6). Let r(w) = -152*w + 109. Let i be r(-6). Let p = i + t. Is p composite?
False
Let o(c) = -c**2 - 3*c + 9. Let v be o(-4). Suppose v*q = -838 + 3333. Is q a composite number?
False
Let v(y) = -y + 11. Let r be v(8). Suppose 963 = h - 4*z, -3*z = r*h - 5*z - 2839. Is h prime?
False
Suppose 9 = 2*p + 7. Is p/(2 - 417/209) a prime number?
False
Suppose -d - 10539 = 5*v - 129819, 0 = -5*v + 4*d + 119305. Is v a prime number?
True
Let z(c) = 1989*c**2 + 8*c - 109. Is z(6) composite?
True
Suppose 46*o + 9*o - 2311705 = 0. Is o prime?
False
Is (-5 - -3780) + 1 + 3 prime?
True
Suppose -x + 2*x = 0, 3*z + 6 = -x. Let r(s) = -224*s - 3. Is r(z) a composite number?
True
Suppose -53009 = -14*j + 3*j. Is j composite?
True
Let c(i) = 953*i**3 + 5*i**2 - 4*i. Let u(n) = 0*n**2 + 954*n**3 + 4*n - 7*n + 4*n**2. Let z(a) = -4*c(a) + 5*u(a). Is z(1) a composite number?
True
Let t(f) = f**2 - 9. Let p be t(-4). Let j be p*(-1)/(-3)*-3. Is (j + 4)/((-2)/26) a composite number?
True
Suppose -v - v = 4. Let a be -3 - 8/v - 18. Let f = 89 - a. Is f prime?
False
Let u = -6 + 9. Suppose -f + u*j + 1 = -1, -2*f + 4 = 2*j. Suppose 0*p = f*p - 354. Is p a prime number?
False
Let w = -659 + 2698. Is w a composite number?
False
Suppose -5*i + 222 = -178. Suppose 0 = g - 316 + i. Suppose p = 5*p - g. Is p prime?
True
Let u(j) = 1364*j**2 - j - 1. Let l be u(-1). Let o(r) = 8*r + 26. Let c be o(-3). Suppose -5*i + 105 + l = c*d, 3*i - 879 = -2*d. Is i a prime number?
False
Suppose -2*j + 3*c + 117 = 0, -3*j + 190 - 13 = -3*c. Suppose -28 = 7*m - 182. Suppose -m = -x + j. Is x a composite number?
True
Suppose 35022 = -33*b + 39*b. Is b a composite number?
True
Let k(g) be the first derivative of 8/3*g**3 - 7*g - 2 + 1/4*g**4 - 11/2*g**2. Is k(-7) a prime number?
False
Suppose 0 = -5*y + 2 + 8. Suppose -37 + 5 = y*a. Is (-93)/(-4) - (-4)/a a composite number?
False
Let n = 34 + -10. Is (40/n)/(1/393) a prime number?
False
Let k(l) = 42*l**2 - 7*l + 113. Is k(-36) a prime number?
False
Let c be -2 - (-1 - (1 - -4)). Suppose -c*l + 1755 = -1505. Is l a prime number?
False
Is (1*5/15)/(2/4242) prime?
False
Let k be 25/3 - 7/21. Let f(c) = c**2 - 9*c - k - 11*c**2 + 3*c**3 - 4*c**3. Is f(-10) a prime number?
False
Suppose -m + 8 = 3. Suppose -m*d = 4*g + 65, -4*d = 4*g + 25 + 31. Let l = d + 48. Is l composite?
True
Suppose -22099 = 4*p - o + 103275, 5*o = 2*p + 62678. Is (4/6)/((-32)/p) a prime number?
True
Let p = -21081 - -31270. Is p prime?
False
Let w(b) = -2*b - 9. Let z be w(-6). Suppose 7*f - z*f = 0. Let h(g) = 2*g + 239. Is h(f) prime?
True
Let m be 418/(-33) - (-2)/3. Is -44*((-93)/m)/(-1) composite?
True
Suppose 7*k = 2*k - 5. Let b be 6/(-12) + k/(-2). Suppose -4*y + 880 + 444 = b. Is y a composite number?
False
Suppose -b - 10 = 75. Suppose -3*x + 170 = -280. Let f = b + x. Is f prime?
False
Let q be 13*(-1 - 2 - -4). Suppose -5484 = 9*i - q*i. Is i a composite number?
True
Let c(y) = 7*y - 11. Let q(f) = 7*f - 10. Let l(x) = -3*c(x) + 2*q(x). Is l(-7) composite?
True
Suppose -2*k + 390661 = 5*x, -5*x - 3*k - k + 390657 = 0. Is x composite?
True
Let n(y) = 31*y**2 - 5*y + 2*y + 4*y - 1. Let o = 129 + -128. Is n(o) composite?
False
Let g(b) = -3 + 6 + 66*b - 2 + 119*b. Is g(2) prime?
False
Suppose -2 = -5*m - 7. Let n = 7 + m. Is ((-254)/4)/((-3)/n) composite?
False
Is (5 + 186/(-36))*-406446 composite?
False
Is 12 - -2098 - 9/1 prime?
False
Let x(l) = l**3 + 10*l**2 + 3*l - 10. Let c be x(-7). Let y = -365 - -370. Suppose 2641 = y*d + c. Is d composite?
True
Let k = 18724 + -13055. Is k prime?
True
Suppose b - 3 - 2 = 3*n, 0 = 4*n. Suppose 0 = 2*l - 5*p - 577, 0 = -b*l - 4*p - 258 + 1783. Is l composite?
True
Let k = 500 - 355. Let x = k - 6. Is x prime?
True
Let m = -10800 - -17087. Is m composite?
False
Let k be ((-35)/(-21))/((-2)/(-6)). Suppose 30 = -k*g + 2*g + 3*z, -4*z + 20 = 0. Is g*(-2)/(10/293) a composite number?
False
Suppose -55112 = -19*r - 13635. Is r a prime number?
False
Is (-75)/50*431588/(-6) a prime number?
True
Suppose -6*s - 2448 = 6*s. Let i = 343 + s. Is i a prime number?
True
Suppose 8*u = 7*u - 2*b - 5, 4*u - 3*b - 35 = 0. Suppose -m - 12*w = -10*w - 4469, 5*w = -u. Is m a prime number?
False
Let u(z) = -z**3 + 6*z**2 + 6*z + 9. Let d be u(7). Suppose 0 = 3*h - d*k - 685, 5*k - 141 - 110 = -h. Suppose h = 5*s - 464. Is s a prime number?
True
Let m(g) = g + 13. Let t be m(-8). Suppose 0 = -4*p + 5*o + 1977, 0 = -p - 2*o + t*o + 496. Is p composite?
True
Let m = -10 - -180. Is -4 + 2 + (m - 5) prime?
True
Let c(a) = -246*a - 55. Is c(-14) composite?
False
Suppose -10952 = -m + 4365. Suppose -j + 15290 = 5*u + 4*j, m = 5*u - 4*j. Is u composite?
False
Suppose 56*k - 60*k = -17548. Is k a composite number?
True
Is 1/(-3)*(-45915)/5 a composite number?
False
Suppose -5*t - 2*t = -4*t. Suppose t = 4*g + l - 2741, 3*g + 0*l = -l + 2056. Is g prime?
False
Suppose 3*r + 0*r - 57 = 0. Let h = r + -11. Let g = h + 29. Is g prime?
True
Let o(q) = 34914*q**3 - 2*q**2 - 4*q + 5. Is o(1) composite?
False
Suppose -3*b = -4 - 5. Suppose 3*p - p - 10 = 0. Suppose -x - 286 = -p*k, b*k - 97 - 78 = 4*x. Is k a composite number?
True
Let v(z) = 2*z**2 + 12*z + 5. Let j be v(-6). Suppose 0*o + 2*o = 2*p - 452, 0 = -2*p - j*o + 452. Is p composite?
True
Suppose 2*a + 3*g - 4*g = 7640, -3*a = -2*g - 11459. Is a composite?
False
Is ((-8410)/4 + 11)*2/(-1) prime?
False
Let c(d) = -d**3 + 2*d**2 + 3*d - 2. Let q be c(3). Let x(z) = -z**3 + 3*z + 3. Let l be x(q). Is (3 - l)/(4/(-478)) a prime number?
True
Let q be (-3)/(-42)*-6 - 3/(-7). Suppose 0*g + 2*g = 4. Suppose x = g*w - 7*w + 1400, q = -4*x + 3*w + 5623. Is x a prime number?
False
Suppose 2*n - 16 = -2*k, 5*n + 0*k = 5*k. Is 5/(-1)*(-188)/n prime?
False
Let r = -3643 - -12754. Is r a prime number?
False
Suppose 0 = -4*r + 34134 - 5218. Is r composite?
False
Let c(d) = -414*d**3 + 3*d**2 - 5*d + 13. Is c(-3) composite?
True
Suppose 2 = 2*i, 3*i = -3*m - 2*i + 233. Suppose 0 = -3*t + 5*n - 10*n + 233, -t = 2*n - m. Suppose -t = -5*y + 309. Is y a prime number?
True
Let r = 276 + -96. Let h(l) = -47*l**3 - l**2 - l - 1. Let o be h(-1). Let q = r - o. Is q a prime number?
False
Is 2 - 1 - 546176/((-48)/6) a composite number?
True
Suppose 410*p - 427*p = -482018. Is p prime?
False
Is (1 - (2 - 1)) + -38 + 72 a composite number?
True
Let o(z) = 37*z**3 + 6*z**2 - 3*z - 9. Is o(4) prime?
False
Let m(j) = 110516*j + 175. Is m(2) prime?
False
Suppose -19*t - 3111 = -22*t. Let y = t + -550. Is y composite?
False
Let h = -9450 - -15581. Is h a composite number?
False
Let m = 2253 - 1537. Suppose 20*k - m = 16*k. Is k composite?
False
Let v = 1799 - 1267. Let g = -12 - -4. Is (-3 + v/g)*-2 composite?
False
Let f(o) = 14*o**2 - o + 26. Is f(-5) a prime number?
False
Let a be (18/7)/((-7)/(-49)). Suppose 0 = 5*g - 10, -2*y = -6*y - 3*g - a. Let c(h) = 3*h**2 - 4*h + 1. Is c(y) a prime number?
False
Let b(j) = 58*j - 8. Let c = 20 - 13. Let w be b(c). Let z = w - 213. Is z prime?
False
Suppose -49*x + 50*x - 318 = 0. Let o = x + -191. Is o a composite number?
False
Suppose x + 495 = 6*x. Let t = x - 30. Suppose t = -4*u + 385. Is u a composite number?
False
Let w be (25/15)/(2/6). Let n(v) be the third derivative of v**6/120 - v**5/30 - v**4/6 - v**3/3 - 7*v**2. Is n(w) a prime number?
True
Suppose 2*o - 21*q - 9266 = -25*q, o - 4*q - 4615 = 0. Is o a composite number?
True
Let i be (-38)/(-14) - (-16)/56. Suppose -4*h = y + i*y - 4, -h = -4*y - 6. Is h/(-10) - 1944/(-20) a composite number?
False
Let x be (-996)/(-10) - (-4)/10. Suppose -x = -5*j + 7*j. Let u = 165 + j. Is u a composite number?
True
Let l(h) = h**3 + 24*h**2 - 23. Is l(-18) composite?
True
Is ((-87438)/(-15) - 4)/((-12)/(-30)) a prime number?
True
Suppose -1463 = -3*f - 2*i, -3*f - 2*i + 7*i = -1498. Is f a prime number?
True
Let r(g) = 10*g + 5*g**2 - 6*g**2 + 2*g**2 - 40. Is r(-27) a composite number?
False
Let z(b) = 5*b**2 + 20*b - 24. Let m be z(-23). Let g = m + -392. Is g a composite number?
True
Suppose -7*w = 5*o - 2*w - 25195, 25195 = 5*o + 4*w. Is o a composite number?
False
Suppose 0 = -39*u + 46*u - 288869. Is 